he tens digit of c?
0
Let k be (0 - 3)/(51/(-85)). Suppose k*q = -16*q + 4830. What is the units digit of q?
0
Let y = 61 + -21. Suppose -3*b = -11*b + y. Suppose -5*k + 10*k - 1235 = b*x, 0 = -3*x - 3. What is the tens digit of k?
4
Let o = 51 - 44. Suppose -o*f - 3*f + 30 = 0. Suppose -3*d = -4*k - 61, 2*d = -f*d + 3*k + 109. What is the tens digit of d?
2
Let f be -3 + 5 - 6 - (-6 - 1031). Suppose -7*l + f = -1067. What is the hundreds digit of l?
3
Let p = -15 + 18. Suppose -480 - 196 = -p*l - 4*c, 2*l = 4*c + 464. What is the hundreds digit of l?
2
Let z = 5003 - 5005. Let y(t) = -7*t - 1. Let q be y(-5). What is the units digit of q/(z/(-3) + (-11)/(-33))?
4
Suppose 103*v = 538331 + 1093601. What is the hundreds digit of v?
8
Let n be (0 + 184/(-10))/(2/(-15)). Let c be n/(-24)*-4 + (-2)/(-2). Let p = c + 50. What is the tens digit of p?
7
Suppose 0 = 2*h - q + 68, -h = -6*h - 4*q - 144. Let t = 379 + h. Suppose -3*l + d + 206 = 0, -3*l - 2*l - 2*d = -t. What is the units digit of l?
9
Let v(j) = 161 - 5*j + 6*j - 14. Let p = -1529 - -1529. What is the hundreds digit of v(p)?
1
Let q = -232 + 234. What is the units digit of (-106)/53*-389*q?
6
Let d = -33 - -63. Let x = -24 + d. Suppose 0 = -x*i + 10*i - 5*q - 704, -5*q + 664 = 4*i. What is the tens digit of i?
7
Let w = -42 + 55. Let n(u) = u**2 + 10*u - 51. Let j be n(-14). Suppose j*q + w = 4*y, -4*y + 22 = -q - 3. What is the units digit of y?
7
Let m(s) = 10*s**3 + 58*s + 70. What is the thousands digit of m(10)?
0
Let q(o) = -658*o - 1926. What is the thousands digit of q(-25)?
4
Suppose 57*d = 61*d. Suppose d = -4*k, -5*x + 10 = k - 25. What is the units digit of (x/(-21))/(1/(-363))?
1
What is the thousands digit of (-1 - (-1377 + -5)) + 0 + -1?
1
Let w = -1383 - -41932. What is the ten thousands digit of w?
4
Suppose 5*u - 105716 = -3*f, -110*u = -109*u + f - 21144. What is the ten thousands digit of u?
2
Suppose -11*g - 11*g + 389023 = -307629. What is the tens digit of g?
6
Let m(b) = 8 + 5 + 7 - 12 + 3*b. Let s be m(-3). What is the units digit of (s - 1) + (-18)/(-6) + 40?
1
Let x(b) = -2*b**2 - 195*b - 385. What is the hundreds digit of x(-80)?
4
Let q(f) = 613*f - 2047. What is the ten thousands digit of q(31)?
1
Let f = 273 + -261. Suppose 0 = 13*l + f*l - 19125. What is the units digit of l?
5
Let n(m) = -m**2 + 20*m**3 - 19*m**3 - 121*m + 121*m. Suppose 5*x = r, -5*x = 4*r - 10 - 15. What is the tens digit of n(r)?
0
Let v = -9264 + 17697. What is the thousands digit of v?
8
Let t(v) = -v**3 + v**2. Let u = 101 + -101. Let d be t(u). Suppose c + 3*j + 187 = 3*c, d = -2*j + 10. What is the tens digit of c?
0
Let j = 8947 + -2468. What is the units digit of j?
9
Suppose -20*a + 45059 = -351161. What is the units digit of a?
1
Let x(t) = 1968*t - 530. What is the ten thousands digit of x(7)?
1
Suppose -2*w + 3*i = -20240, 5*w + 4*i - 19808 - 30769 = 0. Suppose -6*a + w = 295. What is the tens digit of a?
3
Let v be 137 - (-8 + 7 + -2). Suppose -3*l = 7*l + v. Let a(o) = o**3 + 16*o**2 + 16*o - 26. What is the tens digit of a(l)?
4
Let v be 4 - 0 - (-60)/(2 - -1). Suppose 0 = 24*l - 20*l - v. What is the tens digit of 6/2*280/l?
4
Let q = -37 + 33. Let t be ((-2)/q)/((-1)/(-98)). Suppose 3 = x, 0 = 2*a - 2*x - x - t. What is the units digit of a?
9
What is the tens digit of (4 + 10/15)/((-2009)/2016 - -1)?
4
Let n = -60 + 69. Suppose 4*r + 3 = l, -7*l + n = r - 4*l. Suppose 473 = 3*f + 4*w, 5*w = 3*f - r*w - 482. What is the units digit of f?
9
Suppose 4*i = 18*i - 327158 + 69516. What is the ten thousands digit of i?
1
Let f = -59 + 126. Suppose f*h = 59*h + 5016. What is the hundreds digit of h?
6
Let w be (-172)/(1*12/(-54)). Let c = -100 + w. What is the tens digit of c?
7
Suppose -4*r + 0 = -8. Suppose 2*z - c = 270 + 471, 4*z + r*c - 1502 = 0. What is the units digit of z?
3
Let w(p) = -7*p**2 + 2*p + 1149. Let j = 1009 + -1009. What is the tens digit of w(j)?
4
What is the units digit of (6398/(-32) + -4)/((-4)/(-16))*-40?
0
Let c(v) = -v**3 + 58*v**2 + 41*v + 201. What is the ten thousands digit of c(43)?
2
Let j(v) be the first derivative of -3/2*v**2 - 2*v - 39*v**4 + 0*v**3 - 22. What is the tens digit of j(-1)?
5
Suppose -217*u - 71*u + 2894112 = 0. What is the hundreds digit of u?
0
Suppose 2*s = -p + 8771, 3*p - 26367 = 12*s - 9*s. What is the thousands digit of p?
8
Suppose 3*p = 2*z - 1360, 3*z - p - 60 - 1973 = 0. Suppose -11*c = -z - 621. What is the units digit of c?
8
Let m be 182/39*159/(-2). What is the tens digit of m/21*165/(-5)?
8
Suppose -3*w + 250 = -146. Suppose -w*b = -134*b + 12. Suppose 0 = 5*n + b*n - 44. What is the units digit of n?
4
Let n(f) = f**3 - 25*f**2 + 47*f + 144. Let h be n(23). Let g be -74*(0 + 1/(-2)). Let r = h - g. What is the units digit of r?
0
Suppose -104 = -27*a + 19*a. Suppose 868 = 2*l + 3*v, -5*v = 8*l - a*l + 2145. What is the tens digit of l?
3
Let y(t) = -820*t + 12095. What is the hundreds digit of y(-81)?
5
Let s = 997 - 992. Suppose 2214 = 2*b - 3*t, -3459 - 2069 = -s*b + 4*t. What is the hundreds digit of b?
1
What is the units digit of (2 - 5)*(39/(-3) - 3666)?
7
Let g = -35 + 32. Let a = 314 + g. What is the hundreds digit of a?
3
Suppose 0 = 4*v - 4*p - 20, v - 11 = -3*v - 5*p. Suppose -4*b - v*t = -1404, t = -b - t + 351. What is the tens digit of b?
5
What is the thousands digit of 13939 + ((-1)/(-24)*4 - 375/90)?
3
Suppose -2*p = -t - 8, p + 3 = -5*t + 7. Suppose -p*k + v + 413 = -1356, -5*v - 907 = -2*k. What is the hundreds digit of k?
4
Let x(k) = -574*k**3 + 3*k**2 - 5*k - 7. Let f be 2*14/14*3/(-6). What is the hundreds digit of x(f)?
5
Let c = 1229 - 713. What is the tens digit of c?
1
Suppose 19901 = 38*z - 11525. Suppose -z = -j + 358. What is the tens digit of j?
8
Let f = -67 + -33. Let r = -182 + f. Let n = r - -504. What is the units digit of n?
2
Suppose -8*z + 4213 + 41507 = 0. What is the units digit of z?
5
Suppose 50*z - 1716 = 46*z. Let f = -199 + z. What is the tens digit of f?
3
What is the tens digit of ((-426016)/48)/(60/(-63) - (-4)/14)?
1
Suppose -194780 = -34*z + 263285 + 370277. What is the tens digit of z?
6
Let a(q) = q**2 + 32*q + 226. Let f be a(-22). Suppose -b + 5*r = f*r - 648, -b - 5*r = -656. What is the tens digit of b?
4
Suppose 0*j - 2*j - 4 = 0, z + 3*j = 0. Suppose z - 54 = -16*t. What is the units digit of t?
3
Let m(o) = 17*o**2 + 38*o + 577. What is the ten thousands digit of m(26)?
1
Let p = -8943 - -13431. Suppose -5*q + 28*k + p = 24*k, 0 = -4*q - 2*k + 3580. What is the units digit of q?
6
Let j(h) = h**3 - h**2 + 118*h - 27. What is the units digit of j(22)?
3
Suppose -10*g + 766 = 4866. Let b = g + 918. What is the tens digit of b?
0
Let i be (4 - 6)*(-25)/10 - -5. Suppose 14*z - 3692 = i*z. What is the tens digit of z?
2
Suppose -3*u - 417 = -5*h, -6*u = -11*u + h - 717. Let j = u + 148. Suppose -572 + 76 = -j*q + 5*v, 4*v = 0. What is the hundreds digit of q?
1
Let b be -3*(1 + 0)*1. Let h be 0*((-26)/(-39))/(2/b). Suppose h = -83*r + 79*r + 684. What is the units digit of r?
1
Suppose -8870*m = -8951*m + 2183517. What is the tens digit of m?
5
Suppose 5*h = 3*h + 2*d + 6544, 4*h = -d + 13108. Suppose 831 = g + 2*s, -14*s + h = 4*g - 18*s. What is the units digit of g?
3
Let q = -241 - -244. Suppose 20*b - 2605 = -5*g + 19*b, -q*b - 2103 = -4*g. What is the tens digit of g?
2
Suppose -d + 5*d = 0, -d = 4*k + 20. Let t be 94 + -1*(4 + k). Let c = t + -57. What is the tens digit of c?
3
Suppose 3*p + 2*x = 12260, 21*x = p + 16*x - 4115. What is the tens digit of p?
9
Let m be -1*(1 + (1 - -1)). Let i = m + -34. Let a = -28 - i. What is the units digit of a?
9
What is the units digit of 131023/11 + (-444)/2442?
1
Let c(a) = -1584*a + 358. What is the tens digit of c(-4)?
9
Let v = 3196 + -1857. Suppose -821 = -b + 3*w, -2*b + 301 + v = -4*w. What is the hundreds digit of b?
8
Let x = 250 + -13. Let h = x - -133. Suppose t = 5*m - 3*t - h, 5*m = 5*t + 375. What is the units digit of m?
0
Suppose 6*x + 39 = -7*x. Let d = 0 - x. What is the tens digit of d*(-80)/(-36)*6?
4
Let j(l) = -50*l**2 + 40*l + 78. Let n(u) = 49*u**2 - 40*u - 77. Let g(h) = -4*j(h) - 3*n(h). What is the hundreds digit of g(-2)?
2
Suppose 4*b = 5*h - 2631 + 383, 0 = -5*h - 3*b + 223